9, what is 1 + -14?
-13
In base 7, what is 2 + 3?
5
In base 2, what is -100101110 - 100?
-100110010
In base 16, what is 1e + 28?
46
In base 14, what is 0 - 4d?
-4d
In base 15, what is -2c + 1?
-2b
In base 4, what is 1001 + 322?
1323
In base 10, what is 105 - 2?
103
In base 14, what is -3 + 2836?
2833
In base 16, what is 3 - 72?
-6f
In base 2, what is 10000 + 111?
10111
In base 8, what is 1116 + 0?
1116
In base 13, what is 6a + 5?
72
In base 3, what is -101120011 + 10?
-101120001
In base 6, what is 1 + 2201?
2202
In base 9, what is 3 - -134?
137
In base 10, what is -65 - -25?
-40
In base 3, what is -21110 + -111?
-21221
In base 11, what is 1222 + 3?
1225
In base 7, what is 0 - -236?
236
In base 8, what is 4541 - 4?
4535
In base 12, what is 1a - 16?
4
In base 12, what is 633 - -b?
642
In base 11, what is -3 - 139?
-141
In base 12, what is -27 + -13b?
-166
In base 15, what is -26 - -53?
2c
In base 8, what is 151 + -2?
147
In base 3, what is 0 + -1000?
-1000
In base 3, what is -12 + 20220?
20201
In base 10, what is 0 + 161?
161
In base 11, what is -2 + 104?
102
In base 6, what is 2 - 331?
-325
In base 11, what is -115 - 6?
-120
In base 14, what is -3 - 159?
-15c
In base 11, what is 0 - -339?
339
In base 4, what is 231 - -2?
233
In base 3, what is -11022 - 20?
-11112
In base 9, what is 13 + 37?
51
In base 12, what is 59 - 6?
53
In base 15, what is -2e3 - 4?
-2e7
In base 7, what is 2132 + -4?
2125
In base 9, what is -4 - -47?
43
In base 8, what is 21 + 34?
55
In base 15, what is 3ab - -3?
3ae
In base 8, what is 5 + 256?
263
In base 10, what is -8 + -278?
-286
In base 11, what is -8 - -63?
56
In base 4, what is -2 + -201020?
-201022
In base 2, what is 10 + -111000?
-110110
In base 9, what is 1 - -107?
108
In base 12, what is 5 - -285?
28a
In base 13, what is -3 + a7?
a4
In base 4, what is 33032 + -10?
33022
In base 8, what is 5 - -6422?
6427
In base 12, what is -5 - 23?
-28
In base 3, what is -10120 + 20?
-10100
In base 15, what is 7a - -3?
7d
In base 13, what is 3 + 16?
19
In base 10, what is -3 + -1821?
-1824
In base 9, what is 1 - -4237?
4238
In base 7, what is 4236 + 10?
4246
In base 5, what is -4022 + 3?
-4014
In base 13, what is 2c + 58?
87
In base 14, what is -16 + 4?
-12
In base 2, what is 1010011 - -1?
1010100
In base 7, what is 1613 + 1?
1614
In base 16, what is 3 + -10e?
-10b
In base 9, what is 12274 + 1?
12275
In base 4, what is 1010110 - 3?
1010101
In base 14, what is 18 + -2?
16
In base 2, what is 110110110 - 101?
110110001
In base 5, what is 4 - -44223?
44232
In base 8, what is 11113 - -2?
11115
In base 3, what is -20122 - 11?
-20210
In base 4, what is -2011 + -130?
-2201
In base 12, what is -3b1 - -3?
-3aa
In base 13, what is 8 - 83?
-78
In base 9, what is 5270 + -5?
5264
In base 9, what is -6 - 557?
-564
In base 14, what is 0 - -3?
3
In base 13, what is -2c4 + 3?
-2c1
In base 16, what is -1c2 + 1?
-1c1
In base 5, what is 23 - 144?
-121
In base 5, what is 1 - 131420?
-131414
In base 9, what is -1 - 2765?
-2766
In base 14, what is -b5 - -2a?
-89
In base 2, what is 101 + 101000?
101101
In base 13, what is a6 - bc?
-16
In base 2, what is 110010011 - -11?
110010110
In base 12, what is -3 + 87a?
877
In base 4, what is 0 + -122?
-122
In base 14, what is 2 - -29?
2b
In base 8, what is -11615 - 5?
-11622
In base 8, what is -6 - -226?
220
In base 2, what is -100110101 + -10?
-100110111
In base 2, what is 110 - 100011011?
-100010101
In base 16, what is -71 + 5d?
-14
In base 5, what is 1001 - 34?
412
In base 5, what is -224430 - -4?
-224421
In base 13, what is -285 + a?
-278
In base 10, what is -85 + 7?
-78
In base 10, what is -301 - 17?
-318
In base 11, what is 26 + 0?
26
In base 9, what is 5 - -36?
42
In base 13, what is 3a2 - -5?
3a7
In base 15, what is -5 + 7db?
7d6
In base 14, what is 2 + -7a?
-78
In base 4, what is -101 + -102?
-203
In base 13, what is -4 + 5?
1
In base 7, what is 4 - -2152?
2156
In base 16, what is 464 + -3?
461
In base 15, what is -77 + -37?
-ae
In base 7, what is 311 + -1?
310
In base 5, what is -3 + 134140?
134132
In base 10, what is 15 - -11?
26
In base 3, what is 101 + -122?
-21
In base 6, what is -2 - 1350?
-1352
In base 13, what is ac - 4?
a8
In base 8, what is -337 + 2?
-335
In base 14, what is 1c76 - 5?
1c71
In base 7, what is -2 - -30?
25
In base 10, what is 298 - 0?
298
In base 8, what is 4502 - -1?
4503
In base 14, what is 152 + 1?
153
In base 15, what is c2 - 4?
bd
In base 10, what is 3 + 105?
108
In base 8, what is -1 + -253?
-254
In base 3, what is 12 - -121102?
121121
In base 6, what is 2 + 312?
314
In base 15, what is 56 - -5?
5b
In base 11, what is -9 - 6?
-14
In base 2, what is 10011011001 + 10?
10011011011
In base 12, what is 7723 + -2?
7721
In base 7, what is 15 + -1005?
-660
In base 4, what is 101 + -1333?
-1232
In base 13, what is -1 - 15?
-16
In base 11, what is 95 + -1?
94
In base 13, what is 2 - 3b?
-39
In base 10, what is 2369 + 2?
2371
In base 13, what is -274 + 8?
-269
In base 15, what is -4 + -44c?
-451
In base 12, what is 13 - 4?
b
In base 13, what is 788 - -4?
78c
In base 2, what is 101 + 1000100?
1001001
In base 10, what is -655 - -2?
-653
In base 16, what is 1 - -39?
3a
In base 13, what is 8 - 42?
-37
In base 3, what is -110 + 122?
12
In base 13, what is -9 - -1277?
126b
In base 6, what is 0 - 144?
-144
In base 8, what is 6 + -4?
2
In base 3, what is 20 - -12111?
12201
In base 10, what is -2 + -64?
-66
In base 16, what is -b + -10?
-1b
In base 16, what is -1cd + -1?
-1ce
In base 12, what is -172 + 3?
-16b
In base 8, what is 1 + -26?
-25
In base 11, what is 5 - a?
-5
In base 6, what is 1551 - 4?
1543
In base 4, what is -11 - 302233?
-302310
In base 5, what is 200 - 1?
144
In base 3, what is -21 - 1212002?
-1212100
In base 5, what is 321 - -10?
331
In base 4, what is 22113 + 20?
22133
In base 4, what is 11 - 12330?
-12313
In base 10, what is -3378 - -4?
-3374
In base 10, what is -9 + -36?
-45
In base 15, what is -15d + 5?
-158
In base 6, what is -10 + -21?
-31
In base 4, what is -21232 + 1?
-21231
In base 12, what is 5 - -60?
65
In base 5, what is 10 + -330?
-320
In base 15, what is 45de - -5?
45e4
In base 7, what is 0 + -656?
-656
In base 14, what is ad + -20?
8d
In base 10, what is 6761 + 3?
6764
In base 4, what is 11 - -3302?
3313
In base 14, what is -1 + 124?
123
In base 11, what is -79 - a?
-88
In base 9, what is 207 - 25?
172
In base 11, what is 21 + 2?
23
In base 3, what is 20 - 1010?
-220
In base 13, what is 3 + a88?
a8b
In base 14, what is -20c - 4?
-212
In base 3, what is 11001 - 12?
10212
In base 9, what is 4 - 205?
-201
In base 15, what is 7 - -88?
90
In base 13, what is 79 - -26?
a2
In base 8, what is 206 + 26?
234
In base 13, what is -115 + -6b?
-183
In base 5, what is -4 + -12333?
-12342
In base 7, what is 364 + -20?
344
In base 10, what is 5 - 11?
-6
In base 12, what is 1 - 121?
-120
In base 12, what is 4 + -22a?
-226
In base 9, what is -104 - 1?
-105
In base 12, what is -70 - 82?
-132
In base 16, what is 5 + 20?
25
In base 3, what is -222 - 2012?
-10011
In base 4, what is -232 - -2?
-230
In base 14, what is -2 - -154?
152
In base 5, what is -4034 - 0?
-4034
In base 2, what is 11010 - 10011?
111
In base 6, what is -2 + 423?
421
In base 10, what is 6 + 191?
197
In base 8, what is 43 + -25?
16
In base 9, what is 8 - 6?
2
In base 15, what is -5 - eb?
-101
In base 16, what is 1 - -4a8?
4a9
In base 14, what is 63 - 2?
61
In base 2, what is 1010 + -10110?
-1100
In base 6, what is -13 + 2?
-11
In base 4, what is -11 + -132322?
-132333
In base 11, what is -104 + -33?
-137
In base 7, what is -110 - -13?
-64
In base 7, what is -4 + -505?
-512
In base 9, what is -4521 + 2?
-4518
In base 3, what is 102001 - 2?
101222
In base 7, what is 4 + 530?
534
In base 14, what is -48bb + 1?
-48ba
In base 2, what is 100101110100001 + 1?
100101110100010
In base 4, what is 10133 - 2?
10131
In base 4, what is -230 - 20?
-310
In base 4, what is -11 - 32002?
-32013
In base 4, what is -12 - -12100?
12022
In base 15, what is 0 + -343?
-343
In base 12, what is 38a8 - 3?
38a5
In base 5, what is -1211 + 0?
-1211
In base 2, what is 111 - 101010?
-100011
In base 5, what is 301 - 1?
300
In base 3, what is 101 + 2010?
2111
In base 4, what is 11 - 21?
-10
In base 11, what is -12 - -163?
151
In base 14, what i